{"id":228,"date":"2019-08-05T18:12:16","date_gmt":"2019-08-05T18:12:16","guid":{"rendered":"https:\/\/corina-weighing.se\/?post_type=product&#038;p=228"},"modified":"2022-10-06T14:12:48","modified_gmt":"2022-10-06T14:12:48","slug":"raknevag","status":"publish","type":"product","link":"https:\/\/corina-weighing.se\/?product=raknevag","title":{"rendered":"JCE R\u00e4knev\u00e5g"},"content":{"rendered":"","protected":false},"excerpt":{"rendered":"<p>JCE R\u00e4knev\u00e5g<br \/>\nKapacitet: 6kg x 0,2g<br \/>\nUppladdningsbart batteri<br \/>\nLED display<br \/>\nTare<br \/>\n99 minnen<br \/>\nM\u00e5tt: 334 x 245mm<\/p>\n","protected":false},"featured_media":229,"template":"","meta":[],"product_brand":[],"product_cat":[46,369],"product_tag":[],"class_list":{"0":"post-228","1":"product","2":"type-product","3":"status-publish","4":"has-post-thumbnail","6":"product_cat-raknevagar","7":"product_cat-utforsaljning","8":"product_shipping_class-104","10":"first","11":"instock","12":"sale","13":"taxable","14":"shipping-taxable","15":"purchasable","16":"product-type-simple"},"jetpack_sharing_enabled":true,"_links":{"self":[{"href":"https:\/\/corina-weighing.se\/index.php?rest_route=\/wp\/v2\/product\/228","targetHints":{"allow":["GET"]}}],"collection":[{"href":"https:\/\/corina-weighing.se\/index.php?rest_route=\/wp\/v2\/product"}],"about":[{"href":"https:\/\/corina-weighing.se\/index.php?rest_route=\/wp\/v2\/types\/product"}],"wp:featuredmedia":[{"embeddable":true,"href":"https:\/\/corina-weighing.se\/index.php?rest_route=\/wp\/v2\/media\/229"}],"wp:attachment":[{"href":"https:\/\/corina-weighing.se\/index.php?rest_route=%2Fwp%2Fv2%2Fmedia&parent=228"}],"wp:term":[{"taxonomy":"product_brand","embeddable":true,"href":"https:\/\/corina-weighing.se\/index.php?rest_route=%2Fwp%2Fv2%2Fproduct_brand&post=228"},{"taxonomy":"product_cat","embeddable":true,"href":"https:\/\/corina-weighing.se\/index.php?rest_route=%2Fwp%2Fv2%2Fproduct_cat&post=228"},{"taxonomy":"product_tag","embeddable":true,"href":"https:\/\/corina-weighing.se\/index.php?rest_route=%2Fwp%2Fv2%2Fproduct_tag&post=228"}],"curies":[{"name":"wp","href":"https:\/\/api.w.org\/{rel}","templated":true}]}}