{"id":5859,"date":"2020-04-21T16:53:43","date_gmt":"2020-04-21T16:53:43","guid":{"rendered":"https:\/\/corina-weighing.se\/?post_type=product&#038;p=5859"},"modified":"2024-07-18T12:16:36","modified_gmt":"2024-07-18T13:16:36","slug":"emb-100-6000g","status":"publish","type":"product","link":"https:\/\/corina-weighing.se\/?product=emb-100-6000g","title":{"rendered":"EMB (100 &#8211; 6000g)"},"content":{"rendered":"<p>Entry level laboratory balance with tremendous weighing performance<\/p>\n<ul id=\"kernList1\">\n<li>Simple and convenient 2-key operation<\/li>\n<li>Tare function facilitates formulation work<\/li>\n<li>Particularly flat design<\/li>\n<li>Ready for use: Batteries included<\/li>\n<li>\n<div id=\"waegeplatte_a\">Ring-shaped\u00a0<a class=\"lexikon_link\" style=\"font-family: arial, Helvetica, sans-serif; font-size: 12px; text-decoration: none; color: black; border-bottom: 1px dashed #999999;\">draught shield<\/a> standard, only for models with weighing plate size,<br \/>\nweighing space \u00d8\u00d7H 96\u00d735 mm<\/div>\n<\/li>\n<li>Hook for underfloor weighing standard<\/li>\n<li>\n<div id=\"verweis_01\">\u00a0KERN model EMB 500-1BE available as special &#8221;Black Edition&#8221; version<\/div>\n<\/li>\n<li>In order to make it easier for you to make the right choice of KERN balance, we have included a quality code for each model, which is made up of two quality features and will give you technical data and pictograms in addition to the product features. This will help you to make the decision on the perfect balance for your application, please click <strong><span style=\"color: #0000ff;\"><a style=\"color: #0000ff;\" href=\"https:\/\/corina-weighing.se\/wp-content\/uploads\/2020\/04\/CODE.KERN_quality_code_precision_balances.pdf\" target=\"_blank\" rel=\"noopener noreferrer\">Here<\/a><\/span><\/strong>\u00a0for more information<\/li>\n<\/ul>\n<p><img loading=\"lazy\" decoding=\"async\" class=\"alignnone wp-image-5879 size-thumbnail\" src=\"https:\/\/corina-weighing.se\/wp-content\/uploads\/2020\/04\/img-emb-105-A-150x150.jpg\" alt=\"\" width=\"150\" height=\"150\" srcset=\"https:\/\/corina-weighing.se\/wp-content\/uploads\/2020\/04\/img-emb-105-A-150x150.jpg 150w, https:\/\/corina-weighing.se\/wp-content\/uploads\/2020\/04\/img-emb-105-A-324x324.jpg 324w, https:\/\/corina-weighing.se\/wp-content\/uploads\/2020\/04\/img-emb-105-A-100x100.jpg 100w\" sizes=\"auto, (max-width: 150px) 100vw, 150px\" \/><img loading=\"lazy\" decoding=\"async\" class=\"alignnone wp-image-5880 size-thumbnail\" src=\"https:\/\/corina-weighing.se\/wp-content\/uploads\/2020\/04\/img-emb-82-A-150x150.jpg\" alt=\"\" width=\"150\" height=\"150\" srcset=\"https:\/\/corina-weighing.se\/wp-content\/uploads\/2020\/04\/img-emb-82-A-150x150.jpg 150w, https:\/\/corina-weighing.se\/wp-content\/uploads\/2020\/04\/img-emb-82-A-324x324.jpg 324w, https:\/\/corina-weighing.se\/wp-content\/uploads\/2020\/04\/img-emb-82-A-100x100.jpg 100w\" sizes=\"auto, (max-width: 150px) 100vw, 150px\" \/><img loading=\"lazy\" decoding=\"async\" class=\"alignnone wp-image-5882 size-thumbnail\" src=\"https:\/\/corina-weighing.se\/wp-content\/uploads\/2020\/04\/img-hr-emb-black-edition-150x150.jpg\" alt=\"\" width=\"150\" height=\"150\" srcset=\"https:\/\/corina-weighing.se\/wp-content\/uploads\/2020\/04\/img-hr-emb-black-edition-150x150.jpg 150w, https:\/\/corina-weighing.se\/wp-content\/uploads\/2020\/04\/img-hr-emb-black-edition-324x324.jpg 324w, https:\/\/corina-weighing.se\/wp-content\/uploads\/2020\/04\/img-hr-emb-black-edition-100x100.jpg 100w\" sizes=\"auto, (max-width: 150px) 100vw, 150px\" \/><\/p>\n","protected":false},"excerpt":{"rendered":"<p>Kontakta oss!<br \/>\nE-post. <a href=\"mailto:info@corina-weighing.se\" target=\"_blank\" rel=\"noopener\">info@corina-weighing.se<\/a><br \/>\nTel. 0730 \u2013 57 44 32<\/p>\n<p><a href=\"https:\/\/corina-weighing.se\/wp-content\/uploads\/2020\/04\/Brochure.SL_EMB1000-2_en.pdf\" target=\"_blank\" rel=\"noopener\">Brochure pdf<\/a><br \/>\n<a href=\"https:\/\/corina-weighing.se\/wp-content\/uploads\/2020\/04\/Manual.ENG_.EMB-BA-e-1636.pdf\" target=\"_blank\" rel=\"noopener noreferrer\">Manual pdf (English)<\/a><br \/>\n<a href=\"https:\/\/corina-weighing.se\/wp-content\/uploads\/2020\/04\/Manual.SWE_.1356x257108_kern-ka-swe-0810-16.pdf\" target=\"_blank\" rel=\"noopener noreferrer\">Manual pdf (Svenska)<\/a><br \/>\n<a href=\"https:\/\/corina-weighing.se\/wp-content\/uploads\/2020\/04\/Declaration.QXPCE-ST-160-EMBEMB-BEEMB-GN-2016.04.20.00-DE.pdf\" target=\"_blank\" rel=\"noopener noreferrer\">Declaration of Conformity pdf<\/a><\/p>\n","protected":false},"featured_media":5860,"template":"","meta":[],"product_brand":[],"product_cat":[47,289],"product_tag":[],"class_list":{"0":"post-5859","1":"product","2":"type-product","3":"status-publish","4":"has-post-thumbnail","6":"product_cat-bordsvagar","7":"product_cat-precisionsvagar","8":"product_shipping_class-211","10":"first","11":"instock","12":"taxable","13":"shipping-taxable","14":"purchasable","15":"product-type-variable"},"jetpack_sharing_enabled":true,"_links":{"self":[{"href":"https:\/\/corina-weighing.se\/index.php?rest_route=\/wp\/v2\/product\/5859","targetHints":{"allow":["GET"]}}],"collection":[{"href":"https:\/\/corina-weighing.se\/index.php?rest_route=\/wp\/v2\/product"}],"about":[{"href":"https:\/\/corina-weighing.se\/index.php?rest_route=\/wp\/v2\/types\/product"}],"wp:featuredmedia":[{"embeddable":true,"href":"https:\/\/corina-weighing.se\/index.php?rest_route=\/wp\/v2\/media\/5860"}],"wp:attachment":[{"href":"https:\/\/corina-weighing.se\/index.php?rest_route=%2Fwp%2Fv2%2Fmedia&parent=5859"}],"wp:term":[{"taxonomy":"product_brand","embeddable":true,"href":"https:\/\/corina-weighing.se\/index.php?rest_route=%2Fwp%2Fv2%2Fproduct_brand&post=5859"},{"taxonomy":"product_cat","embeddable":true,"href":"https:\/\/corina-weighing.se\/index.php?rest_route=%2Fwp%2Fv2%2Fproduct_cat&post=5859"},{"taxonomy":"product_tag","embeddable":true,"href":"https:\/\/corina-weighing.se\/index.php?rest_route=%2Fwp%2Fv2%2Fproduct_tag&post=5859"}],"curies":[{"name":"wp","href":"https:\/\/api.w.org\/{rel}","templated":true}]}}