{"id":6110,"date":"2020-10-03T11:46:33","date_gmt":"2020-10-03T11:46:33","guid":{"rendered":"https:\/\/corina-weighing.se\/?post_type=product&#038;p=6110"},"modified":"2021-11-09T16:47:38","modified_gmt":"2021-11-09T16:47:38","slug":"mpd-m-golvvag-m-klass-iii","status":"publish","type":"product","link":"https:\/\/corina-weighing.se\/?product=mpd-m-golvvag-m-klass-iii","title":{"rendered":"MPD-M Golvv\u00e5g M-Klass III"},"content":{"rendered":"<p>MPD-M Golvv\u00e5g M-Klass III<br \/>\nKapacitet: 250 kg<br \/>\nDelning: 100 gram<br \/>\nHalkskydd<br \/>\nStor LCD display (25mm, backlight)<br \/>\nVikt: 10 kg<br \/>\nN\u00e4t \/ Batteridrift 6 x AA<br \/>\nDrifttid: 20 h kontinuerlig v\u00e4gning<br \/>\nUppladdningsbart batteri (Tillval)\u00a0<strong><span style=\"color: #0000ff;\"><a style=\"color: #0000ff;\" href=\"https:\/\/corina-weighing.se\/?product=mbc-a08-rechargeable-battery-pack\">MBC-A08 Rechargeable battery pack<\/a><\/span><\/strong><br \/>\nAdapter medf\u00f6ljer<br \/>\n<b> M \u2013 Klass III Godk\u00e4nd<\/b><br \/>\nGaranti 2 \u00e5r<br \/>\n2014\/31\/EU Directive on NON-Automatic Weighing Instrument<br \/>\n93\/42EEC Medical Devices Directive<br \/>\n<b>Levereras godk\u00e4nd f\u00f6r anv\u00e4ndning inom sjukv\u00e5rden<\/b><\/p>\n<p><img loading=\"lazy\" decoding=\"async\" class=\"alignnone wp-image-6112 size-thumbnail\" src=\"https:\/\/corina-weighing.se\/wp-content\/uploads\/2020\/10\/img-hr-mpd-app-switch-on-150x150.jpg\" alt=\"\" width=\"150\" height=\"150\" srcset=\"https:\/\/corina-weighing.se\/wp-content\/uploads\/2020\/10\/img-hr-mpd-app-switch-on-150x150.jpg 150w, https:\/\/corina-weighing.se\/wp-content\/uploads\/2020\/10\/img-hr-mpd-app-switch-on-324x324.jpg 324w, https:\/\/corina-weighing.se\/wp-content\/uploads\/2020\/10\/img-hr-mpd-app-switch-on-100x100.jpg 100w\" sizes=\"auto, (max-width: 150px) 100vw, 150px\" \/><\/p>\n<p>&nbsp;<\/p>\n<ul id=\"kernList1\"><\/ul>\n","protected":false},"excerpt":{"rendered":"<p>Kontakta oss f\u00f6r offert<br \/>\n<a href=\"mailto:info@corina-weighing.se\">info@corina-weighing.se<\/a><br \/>\nTel. 0730 \u2013 57 44 32<\/p>\n<p><a href=\"https:\/\/corina-weighing.se\/wp-content\/uploads\/2020\/10\/Broschyr.sl-mpd-gb.pdf\" target=\"_blank\" rel=\"noopener noreferrer\">Broschyr pdf<\/a><br \/>\n<a href=\"https:\/\/corina-weighing.se\/wp-content\/uploads\/2020\/10\/Manual.ENG_.MPD-M-BA-e-1833.pdf\" target=\"_blank\" rel=\"noopener noreferrer\">Manual pdf (English)<\/a><br \/>\n<a href=\"https:\/\/corina-weighing.se\/wp-content\/uploads\/2020\/10\/Manual.SWE_.1356x257108_kern-ka-swe-0810.pdf\" target=\"_blank\" rel=\"noopener noreferrer\">Manual pdf (Svenska)<\/a><br \/>\n<a href=\"https:\/\/corina-weighing.se\/wp-content\/uploads\/2020\/10\/qDeclaration.xpce-st-222-mbc-nmmcc-nmmpcmpc-nmmpd250k100nmmpe250k100hnmmpe250k100pnmmta-nmmwa-nm-2020.07.07.00-se_1.pdf\" target=\"_blank\" rel=\"noopener noreferrer\">Declaration of Conformity pdf<\/a><\/p>\n","protected":false},"featured_media":6111,"template":"","meta":[],"product_brand":[],"product_cat":[71],"product_tag":[],"class_list":{"0":"post-6110","1":"product","2":"type-product","3":"status-publish","4":"has-post-thumbnail","6":"product_cat-golv-och-pelarvagar-m-klass-iii","8":"first","9":"instock","10":"taxable","11":"shipping-taxable","12":"product-type-simple"},"jetpack_sharing_enabled":true,"_links":{"self":[{"href":"https:\/\/corina-weighing.se\/index.php?rest_route=\/wp\/v2\/product\/6110","targetHints":{"allow":["GET"]}}],"collection":[{"href":"https:\/\/corina-weighing.se\/index.php?rest_route=\/wp\/v2\/product"}],"about":[{"href":"https:\/\/corina-weighing.se\/index.php?rest_route=\/wp\/v2\/types\/product"}],"wp:featuredmedia":[{"embeddable":true,"href":"https:\/\/corina-weighing.se\/index.php?rest_route=\/wp\/v2\/media\/6111"}],"wp:attachment":[{"href":"https:\/\/corina-weighing.se\/index.php?rest_route=%2Fwp%2Fv2%2Fmedia&parent=6110"}],"wp:term":[{"taxonomy":"product_brand","embeddable":true,"href":"https:\/\/corina-weighing.se\/index.php?rest_route=%2Fwp%2Fv2%2Fproduct_brand&post=6110"},{"taxonomy":"product_cat","embeddable":true,"href":"https:\/\/corina-weighing.se\/index.php?rest_route=%2Fwp%2Fv2%2Fproduct_cat&post=6110"},{"taxonomy":"product_tag","embeddable":true,"href":"https:\/\/corina-weighing.se\/index.php?rest_route=%2Fwp%2Fv2%2Fproduct_tag&post=6110"}],"curies":[{"name":"wp","href":"https:\/\/api.w.org\/{rel}","templated":true}]}}