{"id":6252,"date":"2020-11-21T22:06:10","date_gmt":"2020-11-21T22:06:10","guid":{"rendered":"https:\/\/corina-weighing.se\/?post_type=product&#038;p=6252"},"modified":"2022-07-23T19:38:17","modified_gmt":"2022-07-23T19:38:17","slug":"transmitted-light-microscope-obs-1","status":"publish","type":"product","link":"https:\/\/corina-weighing.se\/?product=transmitted-light-microscope-obs-1","title":{"rendered":"Transmitted light microscope OBS-1"},"content":{"rendered":"<p>The school microscope &#8211; For the first steps in microscopy and for use in biology lessons<\/p>\n<ul id=\"kernList1\">\n<li>The KERN OBS-1 range is a solid and simple school microscope range, which is easy to use due to its intuitive control elements<\/li>\n<li>The infinitely dimmable 0.5W LED guarantees optimum illumination of the samples and also ensures long service life. Mobile use is also no problem through the use of rechargeable batteries<\/li>\n<li>The simple 0.65 condenser lens with rotating aperture diaphragm disc on the OBS 101 ensures the very best concentration of light and illumination of the sample. The OBS 104 and OBS 106 models have a 1.25 Abbe condenser which is height-adjustable and can therefore be focussed and has an aperture diaphragm, which ensures the very best concentration of light<\/li>\n<li>To focus the object, all models have a coarse and fine focusing knob on both sides. The mechanical angle table enables you to work with the samples and move them rapidly (only for KERN OBS 106)<\/li>\n<li>A large selection of different eyepieces and objectives is also available<\/li>\n<li>Also available in a set of 10<\/li>\n<\/ul>\n<p>&nbsp;<\/p>\n<div id=\"kernUnterstrichen\"><u>Scope of application<\/u><\/div>\n<p>Primary school, secondary school, training, hobby use<\/p>\n<div id=\"kernUnterstrichen\"><u>Applications\/Samples<\/u><\/div>\n<p>Translucent, thin, high-contrast, less complex samples (e.g. plant tissue, coloured cells\/parasites)<\/p>\n<p>Technical data<\/p>\n<ul id=\"kernList1\">\n<li>Finite optical system (DIN)<\/li>\n<li>3-fold lens revolving unit: Model KERN OBS 101<\/li>\n<li>4-fold lens revolving unit: Model KERN OBS 104, OBS 106<\/li>\n<li>Tube 45\u00b0 (OBS 101) or 30\u00b0 (OBS 104, OBS 106) eyepiece tube, angled\/360\u00b0 revolving<\/li>\n<li>Dioptre compensation (both sides) (for binocular models)<\/li>\n<li>Overall dimensions W\u00d7D\u00d7H 130\u00d7300\u00d7310 mm<\/li>\n<li>Net weight approx. 3,138 kg<\/li>\n<\/ul>\n<p><img loading=\"lazy\" decoding=\"async\" class=\"alignnone wp-image-6254 size-medium\" src=\"https:\/\/corina-weighing.se\/wp-content\/uploads\/2020\/11\/img-obs-101-191x300.jpg\" alt=\"\" width=\"191\" height=\"300\" srcset=\"https:\/\/corina-weighing.se\/wp-content\/uploads\/2020\/11\/img-obs-101-191x300.jpg 191w, https:\/\/corina-weighing.se\/wp-content\/uploads\/2020\/11\/img-obs-101.jpg 286w\" sizes=\"auto, (max-width: 191px) 100vw, 191px\" \/><\/p>\n","protected":false},"excerpt":{"rendered":"<p>Kontakta oss f\u00f6r offert<br \/>\n<a href=\"mailto:info@corina-weighing.se\">info@corina-weighing.se<\/a><br \/>\nTel. 0730 \u2013 57 44 32<\/p>\n<p><a href=\"https:\/\/corina-weighing.se\/wp-content\/uploads\/2020\/11\/Broschyr.sl-obs-1-gb_1.pdf\" target=\"_blank\" rel=\"noopener noreferrer\">Broschyr pdf<\/a><br \/>\n<a href=\"https:\/\/corina-weighing.se\/wp-content\/uploads\/2020\/11\/Manual.OBS-1-BA-e-1912.pdf\" target=\"_blank\" rel=\"noopener noreferrer\">Manual pdf (English)<\/a><br \/>\n<a href=\"https:\/\/corina-weighing.se\/wp-content\/uploads\/2020\/11\/Declaration.obs-1-ce-multi-2011.pdf\" target=\"_blank\" rel=\"noopener noreferrer\">Declaration of Conformity pdf<\/a><\/p>\n","protected":false},"featured_media":6253,"template":"","meta":[],"product_brand":[],"product_cat":[392],"product_tag":[],"class_list":{"0":"post-6252","1":"product","2":"type-product","3":"status-publish","4":"has-post-thumbnail","6":"product_cat-transmitted-light-microscopes","7":"product_shipping_class-104","9":"first","10":"instock","11":"taxable","12":"shipping-taxable","13":"product-type-simple"},"jetpack_sharing_enabled":true,"_links":{"self":[{"href":"https:\/\/corina-weighing.se\/index.php?rest_route=\/wp\/v2\/product\/6252","targetHints":{"allow":["GET"]}}],"collection":[{"href":"https:\/\/corina-weighing.se\/index.php?rest_route=\/wp\/v2\/product"}],"about":[{"href":"https:\/\/corina-weighing.se\/index.php?rest_route=\/wp\/v2\/types\/product"}],"wp:featuredmedia":[{"embeddable":true,"href":"https:\/\/corina-weighing.se\/index.php?rest_route=\/wp\/v2\/media\/6253"}],"wp:attachment":[{"href":"https:\/\/corina-weighing.se\/index.php?rest_route=%2Fwp%2Fv2%2Fmedia&parent=6252"}],"wp:term":[{"taxonomy":"product_brand","embeddable":true,"href":"https:\/\/corina-weighing.se\/index.php?rest_route=%2Fwp%2Fv2%2Fproduct_brand&post=6252"},{"taxonomy":"product_cat","embeddable":true,"href":"https:\/\/corina-weighing.se\/index.php?rest_route=%2Fwp%2Fv2%2Fproduct_cat&post=6252"},{"taxonomy":"product_tag","embeddable":true,"href":"https:\/\/corina-weighing.se\/index.php?rest_route=%2Fwp%2Fv2%2Fproduct_tag&post=6252"}],"curies":[{"name":"wp","href":"https:\/\/api.w.org\/{rel}","templated":true}]}}